*n, 5*q - n = -0*n + 68. Let h = q + -7. Let x = 25 - h. Calculate the remainder when 55 is divided by x.
17
Let t be 64/(-2)*((-14)/4)/7. Let l = t + -11. What is the remainder when 18 is divided by l?
3
Suppose 66 = 3*f - 327. Let n = 190 - f. What is the remainder when n is divided by 10?
9
Let v = -4 - -10. Suppose v = -k - 2*n, -2*k - 4*n = k + 12. Suppose k*i = -i + 11. Calculate the remainder when 54 is divided by i.
10
Suppose -14*d + 44 = z - 11*d, -3*z + 116 = 5*d. Calculate the remainder when 103 is divided by z.
7
Let h be (-376)/14 + -3 + (-3)/21. Calculate the remainder when 21 is divided by (3/(-5))/(3 + 92/h).
3
Calculate the remainder when 802 is divided by 2/(-8) - (-6 + (-3228)/48).
72
Let o be (-6 - -3) + -2 + -3. Let x be 11 - 0*(-2)/o. Suppose 5*j = 14 + x. What is the remainder when 17 is divided by j?
2
Let p be (3/(6/568))/(7 - 5). Let l(n) = n**3 - 7*n**2 - 2*n - 1. Calculate the remainder when l(8) is divided by (-6)/8 + (-5 - p/(-8)).
11
Let n(l) = l**2 - 6*l - 5. What is the remainder when ((-3)/(-3))/((-7 + 19)/804) is divided by n(-4)?
32
Let u(c) = 8*c**2 - 4*c - 34. What is the remainder when u(-5) is divided by 21?
18
Suppose -2*s = -2*t + 284, 0*t - 2*s = -t + 142. Suppose -w = -4*r - 38, 0*r - 2*r = -3*w + 64. What is the remainder when (t/3)/2*3 is divided by w?
17
Let r(w) = w**3 - 4*w**2 - w + 2. Let g be r(4). Let u be ((g - -1) + 0)/1. Let i(d) = -105*d. Calculate the remainder when i(u) is divided by 36.
33
Suppose 2*r - 3*r + 64 = 0. Suppose 5*q = -4*s + 177, 61*s = -q + 66*s + 18. Calculate the remainder when r is divided by q.
31
Let o = 77 + -139. Let l = 14 - o. Calculate the remainder when l is divided by 39.
37
Calculate the remainder when 63/7 - (-2 + -2)/4 is divided by 3.
1
Let b = 492 + -164. Calculate the remainder when b is divided by 33.
31
Suppose -k = 2*c - 212, -4*k + k + 204 = 2*c. What is the remainder when c is divided by 50?
8
Let j = -3 - -7. Let k be (j - 10)*10/(-12). Suppose u - 72 = -k*u. What is the remainder when 33 is divided by u?
9
Let q = -1965 - -2051. What is the remainder when 257 is divided by q?
85
Calculate the remainder when 1767 is divided by -1*118/(-5)*25/10.
56
Let z(k) = -11*k - 15. Calculate the remainder when 85 is divided by z(-3).
13
Let y = 274 + -149. Calculate the remainder when y is divided by 32.
29
Let f(n) = -195*n**3 - 3*n**2 + n + 2. What is the remainder when f(-1) is divided by 66?
61
Let l be 7*1*(0 - -1). Suppose -j + 12 = 2*u, -3 = -4*j - 2*u + 45. Let r = j - l. Calculate the remainder when 14 is divided by r.
4
Suppose 2*z + 10*d - 6*d - 248 = 0, -z + 123 = d. Let f = -23 - -64. What is the remainder when z is divided by f?
40
Suppose 31 = 5*g - 4*g. Calculate the remainder when g is divided by (-3)/(18/12) + 0/1 + 15.
5
Suppose 0 = -27*i + 12*i + 2145. Calculate the remainder when i is divided by 33.
11
Let k(c) = 5*c - 4. Let l be k(3). Suppose 0 = -3*h + 2*s + 91, -h - 5*s - 57 = -3*h. Let r = h - l. Calculate the remainder when 59 is divided by r.
19
Suppose 2*c = -2*c + 20. Let r be 28/70 - 22/c. Calculate the remainder when (6*6)/r*-5 is divided by 16.
13
Suppose 2*q - 4*q + 358 = 0. Suppose -q + 8 = -9*g. What is the remainder when 36 is divided by g?
17
Let a(y) = -2*y**2 + 7*y + 9. Let n be a(4). Suppose 77 = 2*x - 3*i, -n*x + 44 = -5*i - 136. What is the remainder when 91 is divided by x?
29
Let f(d) = 4*d - 21. Let w be f(15). Let a = 69 - w. Let h = a + -21. What is the remainder when 26 is divided by h?
8
Let z = 40 - -42. Let x = -56 + z. Calculate the remainder when (306/(-21))/((-1)/7) is divided by x.
24
Let x = 254 - 226. Calculate the remainder when 87 is divided by x.
3
Calculate the remainder when 270 is divided by 62/2 + (13 - 5) + -5.
32
Let w be (13 - 12)*(-1 - -1). Suppose 0 = -5*p - 3*v + 59, w = 3*v - 5 - 4. Calculate the remainder when 28 is divided by p.
8
Let b = -250 + 261. Calculate the remainder when 15 is divided by b.
4
Suppose -2*d - 17 = -123. What is the remainder when 204 is divided by d?
45
Let n(b) = b**3 + 8*b**2 - b - 5. Let u = -15 - -7. Let m be n(u). Suppose -11 = m*w - 44. What is the remainder when 42 is divided by w?
9
Suppose 8*m = 2*m + 288. Let n = -68 - -32. Let d = m + n. What is the remainder when 71 is divided by d?
11
Suppose -3*w = 2*m - 112, 4*w + 11 = m - 56. Calculate the remainder when m is divided by (4 - (-224)/(-24))*(-4 + 1).
11
Suppose -f + 6 = -8. Suppose 2*l + 10 = 2*b, 2*b - 3*l - 10 = -2*l. Calculate the remainder when f is divided by b.
4
Let q = -240 + 292. Calculate the remainder when 206 is divided by q.
50
Suppose -4*j = -3*j - 2. Suppose -4*k + 2*k - v = -9, 3*k = -j*v + 14. Suppose 216 = k*o + 80. What is the remainder when o is divided by 12?
10
Suppose -48 = -22*w + 18*w. Calculate the remainder when 82 is divided by w.
10
Let m(y) = y**3 + 7*y**2 - 24*y - 36. Let q = 46 + -17. Calculate the remainder when q is divided by m(-9).
11
Suppose 4*m + 3 = -5. Suppose c + 84 = 5*c. What is the remainder when (-3)/(-2)*m*-27 is divided by c?
18
Let y(k) = 2*k + 24. Let j(v) = 1. Let h(r) = 36*j(r) - 2*y(r). Let f be h(-6). What is the remainder when 1/(-6) - (-734)/f is divided by 16?
13
Suppose 4*h = -5*r + 90, h - 4*r = 6*h - 108. Let q(k) = 10*k**2 + 83*k + 15. Calculate the remainder when q(-9) is divided by h.
18
Suppose -2*n + 9 + 5 = 0. Let h be (-11)/(-2*2/4). Suppose -12*y + 20 = -h*y. What is the remainder when y is divided by n?
6
Suppose -3*i - 6 = -2*s, -5*i = -3*i - 4. Let h = 15 - s. Calculate the remainder when h is divided by 0 + 3*12/9.
1
Let h(g) = -g + 13. Let q be 19*(3/1)/(-3). Let r = -7 - q. Calculate the remainder when h(-9) is divided by r.
10
Suppose -7 + 23 = n. Let r(j) = j. Let w be r(-7). Let s = w + 16. Calculate the remainder when n is divided by s.
7
Let c = 171 - 54. Let w(b) = -2*b - 1. Let d be w(-6). Let p = d - -19. Calculate the remainder when c is divided by p.
27
Suppose -4*u + 3 = -3*m, u - 11 = -5*m + 7. Suppose 3*k + m*z = 78, 7*z - 20 = 2*z. What is the remainder when 41 is divided by k?
19
Suppose 14 = 2*r - 12. Suppose -2*h = -2 - 0. Calculate the remainder when ((-150)/(h + 2))/(-1) is divided by r.
11
Let m(i) = 3*i. Let u(w) = 4*w. Let c = 5 + 1. What is the remainder when u(c) is divided by m(3)?
6
Calculate the remainder when (-1798)/(-4)*(103 - 101) is divided by 36.
35
Let y = -270 + 307. Suppose 4*f - f = -69. Let t = f - -36. What is the remainder when y is divided by t?
11
Let g = 24 + -19. Suppose -3*z = 5*o + 49, -2*o + 1 = -4*z + g. Let a(h) = -3*h - 1. What is the remainder when 89 is divided by a(o)?
20
Let o = -105 + 175. What is the remainder when 347 is divided by o?
67
Let m = -21 - -30. Calculate the remainder when 8/52 + (-1533)/(-91) is divided by m.
8
Suppose 7*h - 16*h = -1971. Calculate the remainder when h is divided by 44.
43
Suppose -12*l = -13*l + 5. Suppose 2*h - 2*q = 154, 0 = -l*h - q + 67 + 306. What is the remainder when h is divided by 19?
18
Let y(r) = 2*r**2 - 58*r + 57. What is the remainder when 110 is divided by y(29)?
53
Suppose 499 = 12*m - 29. Let f(x) = 8*x + 1. What is the remainder when m is divided by f(2)?
10
Let g be (2 + 0)/(8/12). Let p(y) = 8*y + 7. Calculate the remainder when 121 is divided by p(g).
28
Let y(w) = -w**3 - 3*w**2 + 3*w - 2. Let q be y(-4). Let a be ((-2)/q)/(12/(-84)). Suppose -a*z = -4*z - 15. Calculate the remainder when 7 is divided by z.
2
Let y(v) = v**3 + 2*v**2 - v + 3. Suppose 2*p - 5*p = 6. What is the remainder when (-5)/10*268/p is divided by y(2)?
16
Let l(h) = 4*h**2 - 13*h - 17. Let q = -131 + 138. What is the remainder when l(q) is divided by 9?
7
Let y(p) = -6*p**2 - 5*p - 1. Let c be y(-3). Let u = c - -50. What is the remainder when 38 is divided by u?
8
Let v be 0*(1/(-4) - 63/(-108)). Suppose -4*k + 9*k = 0. Suppose v = -3*x - x - o + 25, -3*x - 2*o + 15 = k. What is the remainder when 25 is divided by x?
4
Suppose 7*j = 4*r + 3*j - 224, 4 = 2*j. Calculate the remainder when 105 is divided by r.
47
Let w = -777 - -1695. Suppose 8 = -4*q, 4*l - w = 4*q - 3*q. What is the remainder when l is divided by 33?
31
Suppose q + 5*s + 479 - 484 = 0, 10 = 2*q + 5*s. Suppose -2*b + 52 - 10 = 3*w, -3*w + 3*b = -57. Calculate the remainder whe